der when 5346 is divided by 547.
423
Calculate the remainder when 14688 is divided by 1836.
0
What is the remainder when 903416 is divided by 10266?
8
What is the remainder when 969271 is divided by 28?
23
What is the remainder when 6918236 is divided by 710?
706
Calculate the remainder when 11656 is divided by 11653.
3
What is the remainder when 22861 is divided by 495?
91
What is the remainder when 36423 is divided by 17934?
555
What is the remainder when 2469 is divided by 156?
129
What is the remainder when 666685 is divided by 287?
271
What is the remainder when 869 is divided by 215?
9
What is the remainder when 34213 is divided by 78?
49
What is the remainder when 6016 is divided by 992?
64
Calculate the remainder when 238056 is divided by 238027.
29
What is the remainder when 5477 is divided by 102?
71
Calculate the remainder when 24980 is divided by 8309.
53
Calculate the remainder when 59777 is divided by 8.
1
What is the remainder when 1339884 is divided by 148876?
0
What is the remainder when 18825 is divided by 9411?
3
What is the remainder when 27665 is divided by 22?
11
What is the remainder when 6973 is divided by 2240?
253
What is the remainder when 7291 is divided by 2427?
10
Calculate the remainder when 629589 is divided by 209855.
24
Calculate the remainder when 853 is divided by 110.
83
Calculate the remainder when 484 is divided by 386.
98
What is the remainder when 1179199 is divided by 13?
8
Calculate the remainder when 42605 is divided by 631.
328
What is the remainder when 85430 is divided by 29?
25
Calculate the remainder when 155843 is divided by 253.
248
Calculate the remainder when 949 is divided by 495.
454
Calculate the remainder when 4131 is divided by 1914.
303
What is the remainder when 1357 is divided by 452?
1
Calculate the remainder when 16791 is divided by 6.
3
Calculate the remainder when 98046 is divided by 114.
6
What is the remainder when 1371 is divided by 167?
35
What is the remainder when 20374 is divided by 637?
627
Calculate the remainder when 38060 is divided by 62.
54
Calculate the remainder when 1510 is divided by 246.
34
Calculate the remainder when 6205 is divided by 855.
220
Calculate the remainder when 49185 is divided by 109.
26
Calculate the remainder when 500273 is divided by 1327.
1321
Calculate the remainder when 405172 is divided by 66.
64
What is the remainder when 33271 is divided by 11082?
25
What is the remainder when 13197 is divided by 104?
93
What is the remainder when 1096 is divided by 739?
357
Calculate the remainder when 8374 is divided by 125.
124
What is the remainder when 8061 is divided by 290?
231
What is the remainder when 6073 is divided by 6030?
43
What is the remainder when 48969 is divided by 156?
141
What is the remainder when 1983 is divided by 142?
137
Calculate the remainder when 68691 is divided by 8.
3
What is the remainder when 80213 is divided by 19?
14
What is the remainder when 49624 is divided by 2610?
34
Calculate the remainder when 10811 is divided by 10647.
164
What is the remainder when 25872 is divided by 23?
20
What is the remainder when 1482 is divided by 55?
52
Calculate the remainder when 3970 is divided by 793.
5
Calculate the remainder when 60903 is divided by 4684.
11
Calculate the remainder when 43797 is divided by 667.
442
What is the remainder when 8906 is divided by 1770?
56
What is the remainder when 145455 is divided by 3636?
15
Calculate the remainder when 1601475 is divided by 54.
51
What is the remainder when 3583 is divided by 1707?
169
Calculate the remainder when 39464 is divided by 2463.
56
Calculate the remainder when 29632 is divided by 5918.
42
Calculate the remainder when 261953 is divided by 162.
161
Calculate the remainder when 10902 is divided by 58.
56
What is the remainder when 4300 is divided by 278?
130
Calculate the remainder when 9008 is divided by 251.
223
What is the remainder when 38197 is divided by 538?
537
What is the remainder when 2694 is divided by 116?
26
What is the remainder when 172551 is divided by 19?
12
Calculate the remainder when 56470 is divided by 156.
154
What is the remainder when 69462 is divided by 828?
738
What is the remainder when 4057721 is divided by 326?
325
Calculate the remainder when 655568 is divided by 52.
4
Calculate the remainder when 436434 is divided by 26.
24
Calculate the remainder when 1097393 is divided by 3.
2
Calculate the remainder when 32701 is divided by 8174.
5
Calculate the remainder when 134162 is divided by 169.
145
Calculate the remainder when 92686 is divided by 115.
111
What is the remainder when 4322517 is divided by 15?
12
What is the remainder when 26391 is divided by 1099?
15
Calculate the remainder when 35840 is divided by 74.
24
What is the remainder when 6652 is divided by 6398?
254
Calculate the remainder when 3778 is divided by 134.
26
What is the remainder when 1077 is divided by 54?
51
Calculate the remainder when 45575 is divided by 1035.
35
Calculate the remainder when 60171 is divided by 859.
41
Calculate the remainder when 60258 is divided by 15061.
14
Calculate the remainder when 467 is divided by 28.
19
What is the remainder when 56810 is divided by 54?
2
Calculate the remainder when 929 is divided by 283.
80
What is the remainder when 116194 is divided by 23232?
34
Calculate the remainder when 1482 is divided by 114.
0
What is the remainder when 159843 is divided by 52?
47
What is the remainder when 3969 is divided by 25?
19
Calculate the remainder when 6233844 is divided by 235.
234
What is the remainder when 31147 is divided by 7774?
51
What is the remainder when 18158 is divided by 1693?
1228
Calculate the remainder when 24985 is divided by 227.
15
What is the remainder when 510870 is divided by 3?
0
What is the remainder when 4342 is divided by 455?
247
What is the remainder when 3049784 is divided by 779?
778
Calculate the remainder when 15913 is divided by 7735.
443
What is the remainder when 240021 is divided by 81?
18
Calculate the remainder when 1202803 is divided by 15.
13
Calculate the remainder when 5445 is divided by 5281.
164
What is the remainder when 3016 is divided by 2924?
92
Calculate the remainder when 25361 is divided by 8247.
620
Calculate the remainder when 42783 is divided by 39.
0
Calculate the remainder when 3267 is divided by 3196.
71
What is the remainder when 321 is divided by 13?
9
Calculate the remainder when 44056 is divided by 107.
79
Calculate the remainder when 26338 is divided by 329.
18
Calculate the remainder when 1995843 is divided by 10560.
3
What is the remainder when 485 is divided by 390?
95
Calculate the remainder when 74919 is divided by 742.
719
What is the remainder when 33939 is divided by 514?
15
Calculate the remainder when 2474 is divided by 2411.
63
Calculate the remainder when 122382 is divided by 587.
286
Calculate the remainder when 7333 is divided by 17.
6
What is the remainder when 157993 is divided by 115?
98
What is the remainder when 228593 is divided by 11?
2
Calculate the remainder when 104473 is divided by 191.
187
Calculate the remainder when 22512 is divided by 7492.
36
What is the remainder when 12892 is divided by 23?
12
What is the remainder when 92608 is divided by 17?
9
What is the remainder when 3390 is divided by 558?
42
Calculate the remainder when 143544 is divided by 8971.
8
What is the remainder when 14322 is divided by 455?
217
What is the remainder when 110565 is divided by 238?
133
Calculate the remainder when 87447 is divided by 43716.
15
Calculate the remainder when 15721 is divided by 38.
27
What is the remainder when 4411 is divided by 302?
183
Calculate the remainder when 9029 is divided by 70.
69
Calculate the remainder when 2534 is divided by 2523.
11
What is the remainder when 1557269 is divided by 195?
194
Calculate the remainder when 608011 is divided by 5.
1
Calculate the remainder when 7411 is divided by 152.
115
Calculate the remainder when 671469 is divided by 166.
165
Calculate the remainder when 45922 is divided by 95.
37
Calculate the remainder when 136427 is divided by 496.
27
Calculate the remainder when 374 is divided by 154.
66
Calculate the remainder when 58232 is divided by 475.
282
Calculate the remainder when 7301 is divided by 26.
21
C